s digit of 8236837?
8
What is the tens digit of 1721991790?
9
What is the billions digit of 1181698491?
1
What is the hundred thousands digit of 49003066?
0
What is the millions digit of 80891825?
0
What is the units digit of 1567093628?
8
What is the ten thousands digit of 72674902?
7
What is the ten millions digit of 110331207?
1
What is the ten millions digit of 21080449?
2
What is the thousands digit of 3274742728?
2
What is the units digit of 27711522?
2
What is the ten millions digit of 412036088?
1
What is the units digit of 964893630?
0
What is the millions digit of 245400998?
5
What is the hundreds digit of 401898396?
3
What is the tens digit of 617389458?
5
What is the ten thousands digit of 164672006?
7
What is the thousands digit of 399651748?
1
What is the millions digit of 288140634?
8
What is the ten thousands digit of 520335516?
3
What is the tens digit of 67422228?
2
What is the hundred thousands digit of 1837086043?
0
What is the ten millions digit of 395010581?
9
What is the ten thousands digit of 1178829721?
2
What is the tens digit of 469343409?
0
What is the ten thousands digit of 162778445?
7
What is the millions digit of 141830685?
1
What is the millions digit of 164422748?
4
What is the hundred thousands digit of 469520538?
5
What is the millions digit of 654252315?
4
What is the hundred millions digit of 287473445?
2
What is the tens digit of 622687115?
1
What is the ten thousands digit of 77415322?
1
What is the thousands digit of 24418645?
8
What is the ten thousands digit of 101940838?
4
What is the ten millions digit of 6520896713?
2
What is the ten millions digit of 237457163?
3
What is the hundred thousands digit of 1396302765?
3
What is the ten thousands digit of 2086602116?
0
What is the tens digit of 99348147?
4
What is the hundreds digit of 2827239875?
8
What is the hundreds digit of 3804779807?
8
What is the units digit of 858495173?
3
What is the hundreds digit of 169881414?
4
What is the ten thousands digit of 140600560?
0
What is the ten millions digit of 6298185066?
9
What is the units digit of 7388336023?
3
What is the tens digit of 18192382?
8
What is the millions digit of 6423844345?
3
What is the ten millions digit of 308631615?
0
What is the thousands digit of 3291488917?
8
What is the units digit of 357653920?
0
What is the hundred millions digit of 146180067?
1
What is the ten thousands digit of 175438114?
3
What is the ten millions digit of 385591203?
8
What is the hundred thousands digit of 48487339?
4
What is the ten millions digit of 74819491?
7
What is the hundred thousands digit of 7225457700?
4
What is the thousands digit of 103966960?
6
What is the ten thousands digit of 1448336810?
3
What is the millions digit of 852221192?
2
What is the thousands digit of 672822524?
2
What is the tens digit of 96092370?
7
What is the thousands digit of 2741353637?
3
What is the ten thousands digit of 89448478?
4
What is the hundred thousands digit of 3821217312?
2
What is the millions digit of 1420732887?
0
What is the units digit of 5266638?
8
What is the hundred millions digit of 1086856804?
0
What is the hundreds digit of 55931629?
6
What is the billions digit of 2102302258?
2
What is the hundred millions digit of 399807596?
3
What is the ten millions digit of 30101209?
3
What is the ten thousands digit of 1412117835?
1
What is the hundred millions digit of 213862022?
2
What is the thousands digit of 32889826?
9
What is the ten millions digit of 29940441?
2
What is the thousands digit of 247912505?
2
What is the tens digit of 45556884?
8
What is the units digit of 2670049445?
5
What is the millions digit of 7677382?
7
What is the ten millions digit of 146367101?
4
What is the hundred thousands digit of 348921461?
9
What is the hundreds digit of 660443095?
0
What is the hundred millions digit of 285669444?
2
What is the thousands digit of 281795771?
5
What is the hundred millions digit of 298565975?
2
What is the tens digit of 267511398?
9
What is the ten thousands digit of 44358262?
5
What is the ten millions digit of 585947974?
8
What is the hundred thousands digit of 157484593?
4
What is the hundred thousands digit of 2737796523?
7
What is the tens digit of 71429406?
0
What is the hundreds digit of 109291870?
8
What is the hundreds digit of 100769912?
9
What is the ten millions digit of 395995490?
9
What is the hundred millions digit of 669595108?
6
What is the millions digit of 28639255?
8
What is the millions digit of 950578482?
0
What is the hundreds digit of 240406614?
6
What is the hundred millions digit of 745679060?
7
What is the hundred millions digit of 290913591?
2
What is the units digit of 24655223?
3
What is the tens digit of 1100070037?
3
What is the millions digit of 154792816?
4
What is the hundred thousands digit of 1686860274?
8
What is the thousands digit of 291438026?
8
What is the millions digit of 283919680?
3
What is the ten thousands digit of 99540178?
4
What is the units digit of 240407162?
2
What is the thousands digit of 267681797?
1
What is the hundreds digit of 194698635?
6
What is the ten millions digit of 30898187?
3
What is the hundred millions digit of 218293062?
2
What is the units digit of 105499352?
2
What is the ten thousands digit of 63110433?
1
What is the ten millions digit of 16672580?
1
What is the millions digit of 2626403716?
6
What is the hundreds digit of 6579347263?
2
What is the thousands digit of 368020496?
0
What is the tens digit of 91104843?
4
What is the thousands digit of 41875461?
5
What is the tens digit of 1314966185?
8
What is the ten thousands digit of 405097355?
9
What is the tens digit of 71553743?
4
What is the tens digit of 4603377709?
0
What is the ten millions digit of 860323886?
6
What is the units digit of 88278607?
7
What is the hundred millions digit of 2216662563?
2
What is the ten millions digit of 298014878?
9
What is the thousands digit of 54460478?
0
What is the units digit of 20840379?
9
What is the thousands digit of 20108970?
8
What is the millions digit of 1086601823?
6
What is the hundred thousands digit of 90349211?
3
What is the ten millions digit of 2308882968?
0
What is the tens digit of 452554780?
8
What is the billions digit of 1718133348?
1
What is the ten thousands digit of 35874328?
7
What is the ten millions digit of 26460963?
2
What is the ten millions digit of 24724276?
2
What is the units digit of 1075641761?
1
What is the ten millions digit of 38371128?
3
What is the ten thousands digit of 268395674?
9
What is the units digit of 98426271?
1
What is the millions digit of 33552659?
3
What is the hundred thousands digit of 2419286223?
2
What is the tens digit of 1673184788?
8
What is the hundreds digit of 34050751?
7
What is the units digit of 158196513?
3
What is the thousands digit of 499233754?
3
What is the hundreds digit of 96622754?
7
What is the tens digit of 64365274?
7
What is the ten thousands digit of 411104819?
0
What is the hundred millions digit of 1349262723?
3
What is the millions digit of 49192379?
9
What is the units digit of 399906746?
6
What is the units digit of 333871730?
0
What is the ten thousands digit of 5107509911?
0
What is the hundreds digit of 2500581705?
7
What is the tens digit of 490222177?
7
What is the hundreds digit of 643378589?
5
What is the tens digit of 3843396?
9
What is the units digit of 2118329644?
4
What is the hundreds digit of 168746886?
8
What is the millions digit of 29765092?
9
What is the hundred millions digit of 473814029?
4
What is the hundreds digit of 193793474?
4
What is the hundred thousands digit of 916446595?
4
What is the tens digit of 423421668?
6
What is the thousands digit of 223808508?
8
What is the ten thousands digit of 330737570?
3
What is the tens digit of 249814392?
9
What is the tens digit of 64547364?
6
What is the units digit of 66314577?
7
What is the thousands digit of 52241340?
1
What is the thousands digit of 28360658?
0
What is the hundred thousands digit of 48711080?
7
What is the hundred millions digit of 167175144?
1
What is the tens digit of 147731454?
5
What is the tens digit of 475787056?
5
What is the hundreds digit of 337799685?
6
What is the ten thousands digit of 2307183481?
8
What is the hundreds digit of 56808249?
2
